g = 6. Suppose -y*l = -8*l + 20, s - 11 = -2*l. Suppose 2*o = s*o - 11. What is the remainder when 76 is divided by o?
10
Let h(q) = -q**2 + 8*q - 10. Let m be h(6). Let u be 4 + -7 + 4 + m. Suppose -u*f + 50 = 2*f. What is the remainder when f is divided by 8?
2
Suppose 0 = -4*j + 2*t + 30, -361*t + 360*t = 3*j - 45. Suppose 0 = -2*n - 4*f + 618, 4*f = -3*n + 126 + 801. What is the remainder when n is divided by j?
9
Let q(h) = 15*h - 7. Let g(y) = 2*y**3 - y**2 + 2. Let x be g(0). What is the remainder when 319 is divided by q(x)?
20
Let w = 2947 + -290. What is the remainder when w is divided by 95?
92
Suppose 3723 + 14451 = 118*q - 8966. Calculate the remainder when 937 is divided by q.
17
Suppose -7*g + 11 = 11. Suppose -3*l = -5*r - 28, -l - 4*r - r + 36 = g. Calculate the remainder when 91 is divided by l.
11
Suppose -36298 = -56*a + 72622. What is the remainder when a is divided by 195?
190
Suppose -b - 2*g = 5, -5*g - 5 = b - 2*g. Calculate the remainder when b + (-210)/(24/(-4)) is divided by 12.
6
What is the remainder when 411 is divided by (95880/(-1645))/((-4)/14)?
3
Suppose -278*o + 276*o + z + 281 = 0, -5*o + 2*z = -703. Calculate the remainder when 1674 is divided by o.
123
Let b = -457054 + 457066. Suppose 0 = -5*c - 0*c + 1305. What is the remainder when c is divided by b?
9
Let i be (2*3 - 234/24)*-196. Suppose -3*f = -24*f + i. What is the remainder when 627 is divided by f?
32
Let w(s) = 18*s. Let n be w(3). Suppose -n = -2*o + 54. Suppose 0 = 70*z + 721 - 2051. What is the remainder when o is divided by z?
16
Let x(a) = 2*a - 2. Let v(l) = l**2 + 245*l - 6446. What is the remainder when v(24) is divided by x(5)?
2
Let v(b) = b**3 - 9*b**2 - 5*b + 45. Let h be v(9). Suppose h = 29*i - 45*i + 16. Calculate the remainder when i is divided by 1.
0
Suppose -611*t + 352 = -600*t. What is the remainder when 57 is divided by t?
25
Suppose -18*b + 23*b + 10 = 0, 0 = -2*k + 5*b + 398. Calculate the remainder when k is divided by 52.
38
Let r(b) = b**3 + 34*b**2 + 65*b + 53. Calculate the remainder when 60 is divided by r(-32).
18
Let k be 5 - 40/5*-6. Suppose -5*n + 64 = -4*r, 4*n - 5*r = -0*n + k. What is the remainder when n is divided by 2?
0
Suppose 2*m = -0*m + 370. Let b = 388 - m. Calculate the remainder when b is divided by (4/(-10) + (-174)/(-10))/(9401/28203).
50
Let f(q) = -q**2 - 19*q - 82. Let g be f(-5). Calculate the remainder when 44 is divided by (-168)/g + -7 + 1.
4
Suppose 1479 = 2*f - 1061. What is the remainder when (-6)/15*f/(-4) is divided by -1 + (32 - -3) + -2?
31
Let f = -66 - -501. Let c = f + -398. Calculate the remainder when 98 is divided by c.
24
Let k(w) = 26*w + 323. Let u(n) = 26*n + 321. Let g(z) = -7*k(z) + 6*u(z). What is the remainder when 151 is divided by g(-14)?
6
Suppose -133*a + 84 = -139*a + 1218. Calculate the remainder when 671 is divided by a.
104
Let b(j) = -1 + 4 - j**2 + j + 2*j**2. Suppose 0 = 7*z - 123 - 80. Calculate the remainder when z is divided by b(-4).
14
Suppose -1378*u + 1451*u - 5767 = 0. Let l(x) = -157*x**3 - 2*x**2 + 1. What is the remainder when l(-1) is divided by u?
77
Let b = 1663 + -720. Calculate the remainder when b is divided by 16.
15
Calculate the remainder when 729 is divided by ((-8)/(-10))/((-24)/(-4080)) + 3/1.
34
Let p(d) = -3*d + 34. Let w(r) = -r**3 - 4*r**2 + r + 6. Let a be w(-4). Let k be a/3 + (-117)/(-27). What is the remainder when p(k) is divided by 5?
4
Let l = 8094 - 7933. Calculate the remainder when 669 is divided by l.
25
Suppose -q + 10 - 7 = 0. Calculate the remainder when (27 - 24)*94/q is divided by 32.
30
Suppose -u + 2167 = 4*r - 3617, -3*r - 23098 = -4*u. What is the remainder when u is divided by 34?
30
Let s = 81 - 53. Suppose 2*x = 6*x + 5*n - s, 4*n - 20 = -2*x. Calculate the remainder when 4 is divided by (-2 - (-2 + x))*-1.
0
Suppose -2*r - 2120 = -2*h, -8*h - 1063 = -9*h - 2*r. What is the remainder when h is divided by 16?
5
Let n(s) = -4*s**3 - 53*s**2 + 4*s + 29. Let u be n(-13). Let t = 289 + u. Calculate the remainder when t is divided by 11.
9
Suppose -36*d - 10*d = 23*d - 52164. Calculate the remainder when d is divided by 250.
6
Suppose -2*n = 4, -76*n + 2958 = 2*r - 80*n. What is the remainder when r is divided by 26?
19
Let m = -8 + 38. Let r = 30 - m. Suppose -2 = 2*z, -2*u + r*u = -4*z - 88. What is the remainder when u is divided by 22?
20
Suppose 0 = 5*v + 5*h - 80, -38 = -2*v - 7*h + 3*h. Suppose v*f + 99 = -96. Calculate the remainder when (-3)/(f/970) - 1 is divided by 39.
37
Let f(w) be the second derivative of 8*w + 0 - 15/2*w**2 - 5/6*w**3. Calculate the remainder when 11 is divided by f(-4).
1
Let k = -140 - -160. Calculate the remainder when 36 is divided by k/(-6)*(-63)/15.
8
Let r(y) = -4*y + 1. Let m(u) = 2430*u - 9688. Calculate the remainder when m(4) is divided by r(-4).
15
Suppose 0 = -0*n + 3*n - 24. Suppose 19*c - 2668 = -1842 + 4152. What is the remainder when c is divided by n?
6
Let p(q) be the first derivative of 47*q**4/4 + 2*q**3/3 + 3*q**2/2 - 4*q + 399. Calculate the remainder when p(1) is divided by (-1 - (-14)/1) + 0.
9
Let g = 15423 + -15409. Calculate the remainder when 669 is divided by g.
11
Suppose 3*z = -5*y + 31, 4*z + 0*z = -3*y + 34. Suppose 17*v = z*v + 390. What is the remainder when 117 is divided by v?
0
Suppose 147 = 6*d - 9. Suppose -z + 32 = 3*m, z - 11*m = -9*m + 12. Suppose z*v + 144 = d*v. Calculate the remainder when v is divided by 9.
6
Let w = -72 + 76. Let x = 5 + 2. Let o(d) = d**2 - 8*d + 10. What is the remainder when w is divided by o(x)?
1
Let f = -3239 + 3573. What is the remainder when f is divided by 117?
100
Let u(i) = -i**2 - 5*i - 1. Let c(k) = -k**2 - 4*k - 1. Let y(l) = -5*c(l) + 6*u(l). What is the remainder when y(-5) is divided by 14?
10
Suppose -2*c + 2*j + 92 = 0, 4*c = -0*c + j + 175. Calculate the remainder when 88 is divided by (17 - c)*(1 - 2 - 1).
36
Suppose 1861 = 2*t + 397. Suppose -t = -8*z + 492. Suppose -p + z = 41. What is the remainder when p is divided by 39?
34
Let a be 92/115 + (-146)/(-5). Let f = 101 + a. Calculate the remainder when f is divided by 47.
37
Suppose 475 = -13*j - 263 + 946. Calculate the remainder when 696 is divided by j.
8
Suppose -5*p + 91 = -109. Let d be 2/(-1*10/325). What is the remainder when (-1*42/35)/(1/d) is divided by p?
38
Let t = 1096 + -892. What is the remainder when t is divided by 34?
0
Let j be (135/36)/(6/(-368)). Let q = 241 + j. Let x = 24 - -8. What is the remainder when x is divided by q?
10
Let r = 6814 + -6315. What is the remainder when r is divided by 18?
13
Let l(x) = 3 - 3 + 0 + 5*x**2. Let d be l(-1). Suppose -4 = -2*f - 3*b, -15 = f - d*b - 43. Calculate the remainder when 11 is divided by f.
3
Suppose 0 = 2*j - 3*j + 24. Suppose h + 4*v = 21 + 3, -h - 5*v + 26 = 0. Suppose 40*i - h*i = 120. What is the remainder when j is divided by i?
4
Suppose 8*h = -5*w + 11283, 2*h + 8976 = 3*w + w. What is the remainder when w is divided by 1119?
9
Let m = 987 + -597. Let t = m - 132. Suppose -5*y - t = -11*y. What is the remainder when y is divided by 11?
10
What is the remainder when (2649/(-6))/((-217)/434) is divided by 52?
51
Let k(a) = -7*a**2 - 6*a - 6 - 6 + 3*a + 0*a. Let j(x) = -7*x**2 - 3*x - 13. Let v(b) = 2*j(b) - 3*k(b). What is the remainder when v(-3) is divided by 22?
20
Calculate the remainder when 1402 is divided by 24/(-132) + 1293/33 + -2 + -1.
34
Suppose 213*g = 232*g - 19. Suppose -h + 32 = 3*h. What is the remainder when 35 is divided by 5/g + 24/h?
3
Suppose 0 = 3*x - 5*b - 187, -6*x - b = -2*x - 257. Let j = -73 + x. Let c = 31 + j. What is the remainder when 109 is divided by c?
21
Suppose 0 = s + 1, -4*s + 12 = 3*i + i. Suppose 0 = -3*y - 4*a + 32, -y - 2*a + 24 = -i*a. What is the remainder when 76 is divided by y?
12
Let x(v) = 13 + 3*v**2 + 0*v**2 - 2*v**2 - 11*v + 11. Let r(a) = -a**3 + 5*a**2 - a - 3. What is the remainder when x(10) is divided by r(4)?
5
Calculate the remainder when -14 - (-54 + (-126)/9) is divided by 29.
25
Calculate the remainder when (179 - -75) + (1 - 0) is divided by 86.
83
Let j(g) = -9*g - 6 + 7 - 2 - g**2. Let a be j(-7). Let x(v) = v**3 - 14*v**2 + 13*v + 9. Calculate the remainder when x(a) is divided by 4.
1
Let u(r) = -50*r*